2*l. Give d(f).
-2
Suppose -2 + 17 = 4*c - 3*h, -2*c - 4*h = -24. Let p(x) be the first derivative of x**4/4 - 7*x**3/3 + 5*x**2/2 + 5*x - 2. Calculate p(c).
-1
Let k(d) = 9*d + 5. Let r(x) = -22*x - 12. Let n(b) = -12*k(b) - 5*r(b). Determine n(-2).
-4
Let v(l) = -l. Suppose 0*f = f. Suppose 0 = s + z + 3, f*z - 9 = 2*s + 3*z. Suppose s = 3*i + 15, 3*r + 2*i = -3*i - 10. Calculate v(r).
-5
Let g(d) = -d**2 - 5*d + 8. Suppose -3*u + 3*x = 7*x + 34, 30 = -3*u - 3*x. Give g(u).
2
Let c(j) = -j - 2. Suppose 0*s = -s. Suppose 0 = t - s*w - 4*w + 17, 5*w = -3*t. What is c(t)?
3
Suppose -3*g - 19 - 8 = 0. Let i(t) = t + 12. Give i(g).
3
Let t(g) be the second derivative of g**5/20 - g**3/6 + 13*g**2/2 + 10*g. Calculate t(0).
13
Let j be (-2 - -3)/((-2)/(-12)). Let b(r) = r**3 - 5*r**2 - 4*r - 7. Give b(j).
5
Let s(m) = -4 - m**3 + 3*m**2 - 2*m**2 + 9 - m. Let i be 4 + -7 + 3 + -3 + 3. Give s(i).
5
Let a be (4/(-6))/(112/(-54) + 2). Let d(c) = c**2 - 9*c - 3. Calculate d(a).
-3
Let c(f) = -f**2 + 4*f + 5. Suppose 4*m + 16 = 4*w, -4 = -0*m + m - 4*w. Let h be 3/(-2 - 14/m). Suppose -h*g + 15 = g. Calculate c(g).
0
Let i(n) = -2*n + 5. Suppose 3*d + 8 = d. What is i(d)?
13
Let a = -14/3 - -31/6. Let l(s) be the first derivative of -a*s**2 - 3 - 2*s. Give l(-3).
1
Let l(m) be the first derivative of m**3/3 - m**2 - 4*m - 2. Suppose 0 = -12*v + 15*v - 12. Give l(v).
4
Let o = -6 + 6. Let b be 5 + 0/(o + 2). Let v(g) = 1 - 5*g - g**2 + 0 - g - b. Determine v(-4).
4
Let o(n) be the first derivative of -n**3/3 - 4*n**2 + 40. Calculate o(-8).
0
Let o(y) be the third derivative of -y**6/120 + y**5/30 + 2*y**3/3 + 3*y**2. Let k(l) = -l - 7. Let s be k(-3). Let t be (-3 + -3)*2/s. Calculate o(t).
-5
Suppose -4*j - 15 = 3*n + j, -4*j = 2*n + 12. Let c(q) = -1 + q + 0*q + n. Let h(v) = 2*v - 1. Let t be h(3). Give c(t).
4
Let p(q) = q**2 - 11*q**2 + 7 + 5*q**2 - q + q**3. Calculate p(5).
2
Let b(i) = -4*i**3 - i**2 + i. Suppose -5 = -2*h - 3*h. Determine b(h).
-4
Let c(p) = -p**2 + 2*p. Let r(o) = 10*o**2. Let m be r(-1). Suppose 2*z - 3 = 3*g - 1, 5*g = 5*z - m. Give c(g).
0
Let r(b) = -4*b + 4. Let y(x) = 4*x - 5. Let p(z) = 6*r(z) + 5*y(z). Give p(-1).
3
Let g = 6 + -7. Suppose -8*t + 4*t = 0. Let p(r) = -1 + r - 5*r + t. What is p(g)?
3
Let w = 1 - -2. Let k(y) = y + 1. Let l be k(w). Let b(u) = -3 + 32*u + 4 - 27*u - u**2. Give b(l).
5
Let s = -1 + 7. Let b = -11 + 36. Suppose s*w - w + b = 0. Let y(j) = j**2 + 3*j - 5. Determine y(w).
5
Let f(r) = r**3 - 9*r**2 - r + 13. Let t be f(9). Suppose w + 3*j - 1 = 0, 3*w - j - t*j = 17. Let y(h) = h**2 - 6*h + 3. What is y(w)?
-5
Suppose 8*q - 20 = 4*q. Let u(b) = -2*b**2 - 3*b + b**3 - q + 4*b + 7*b**2. What is u(-4)?
7
Let z(g) = -4*g**3 + g**2 + g. Let p(r) = 2*r - 1. Let f be p(0). Calculate z(f).
4
Let m(a) = a**3 + 4*a**2 + 4*a + 2. Let w be m(-2). Suppose 2*r + w = 26. Let u be (r/15)/(2/10). Let q(o) = 2*o - 1. Determine q(u).
7
Let p(g) = -2*g**2 - 2*g. Let n = -3 + 1. Let h be p(n). Let m(z) = -2*z - 3. Calculate m(h).
5
Let d(t) = -4*t - 3*t - 9 + t**2 + 6*t. Let f be 3/6*-2*3. Let l = f + 3. Calculate d(l).
-9
Let u(j) = j**2 + 6*j - 5. Let v be u(-7). Suppose 6*q = v*q + t - 27, 3*t - 15 = q. Let p(z) = 2 - z - 5 - 3. What is p(q)?
0
Suppose 4*l = -21 + 37. Let a(r) = -r**3 + 5*r**2 - 4*r - 5. Give a(l).
-5
Let k(b) = b**2 - 2*b + 2. Let r(m) = 4*m + 1. Let t be r(1). Let j(c) = -2*c**2 + 5*c - 5. Let q(n) = t*k(n) + 3*j(n). Determine q(5).
-5
Suppose -2*p = p - 6. Suppose 15 = -3*o, -2 = -p*x + o - 3. Let v(i) = i + 2. Calculate v(x).
-1
Let o(d) = -d**2 + 5*d + 8. Let x be o(6). Let a(j) = j**3 - 2*j - x - 1 - 2*j**3 + 6*j**2 - 3*j. Give a(5).
-3
Let b(n) be the second derivative of -6*n - 1/2*n**3 - 1/20*n**5 + 0 + 3/2*n**2 - 5/12*n**4. Determine b(-3).
-6
Suppose 8*m = 17 + 23. Let x(v) = -v**2 + 7*v - 5. What is x(m)?
5
Let r = -2 - -6. Suppose -r*v = -2*v. Let s(q) = -q + 5. What is s(v)?
5
Suppose 16 = 3*x - 2*o, -2*x + 15 - 1 = -2*o. Suppose -4 = -2*p + 2, -p = -x*r - 7. Let c(k) = k**3 + 5*k**2 + 3*k + 3. Determine c(r).
9
Let b(c) = -c**2 + 5*c + 6. Suppose -2*u + 26 = 3*h, 5*h = -4*u - 22 + 68. Let r be 1 + 1 - h/(-2). Determine b(r).
6
Let p(u) = -u + 1. Let l(g) = -3*g + 4. Let i(v) = -4*l(v) + 14*p(v). Give i(-5).
8
Let j(n) = -4 + 3 - 2*n + n. Let g be j(1). Let y(m) = -m**3 - m**2 + 2*m + 2. What is y(g)?
2
Let i(a) = -11*a**2 - 8*a - 3 - 4 + 5*a**2 - a**3 + 0*a**3. Let g(w) = -w**3 - 6*w**2 - 9*w - 7. Let j(t) = -4*g(t) + 5*i(t). Give j(-5).
-12
Let j(v) be the first derivative of v**4/6 - v**3/6 - v**2/2 - 1. Let d(c) be the second derivative of j(c). Let l = 10 + -8. Determine d(l).
7
Suppose -16 + 7 = -3*r. Let t(o) be the third derivative of 0*o + 1/3*o**3 - r*o**2 + 0 - 1/24*o**4 - 1/30*o**5. What is t(2)?
-8
Let y(u) = -6*u. Let a be (-1 - -2)*(4 - 4). Suppose a = m - 5*m + 4. Let t be -1 - (m + 1/(-1)). Calculate y(t).
6
Let j(w) = 5*w**2 - w + 3 + w**3 + 5*w + 2*w - 1. Determine j(-4).
-6
Let a(p) be the third derivative of -3*p**5/20 - p**4/12 + p**3/6 + 6*p**2. Determine a(1).
-10
Let o(q) = -5*q**2 - q. Suppose 0 = 5*l - 0*l - 5. Let j = 2 - l. What is o(j)?
-6
Let p(s) = s + 2. Let g(q) = q**2 + 5*q + 6. Let a be g(-4). Suppose 2*l = -5*i - 32, -2*i = a*l + 1 + 7. Let z be 20/i + 2/4. What is p(z)?
0
Let i(t) = -1. Let j(f) = f**2 - 7*f - 4. Let w(n) = -3*i(n) + j(n). Determine w(5).
-11
Suppose 0 = -c - 2*m - m - 10, 5*m = -4*c - 5. Let r(j) = j - 1. Let q(i) = 4*i - 6. Let f(l) = -q(l) + 3*r(l). Give f(c).
-2
Let p(m) = -m**3 - 16*m**2 + m + 18. Let o be p(-16). Suppose 0*j - 11 = j - w, o*j + 5*w = 13. Let a(z) = -z**3 - 5*z**2 + 4*z - 7. Determine a(j).
5
Let y(g) = -1 + 3*g + 3*g + 4*g**2 - 3*g**2. Suppose -5*m + 2*w = 24, 17 = 5*m + 5*w + 62. What is y(m)?
-1
Let f(q) = q**2 - 6*q - 1. Suppose 4*k - k - 4*t - 31 = 0, -3*t = k + 7. Suppose m = k*m. Suppose -2*y + 17 - 5 = m. Give f(y).
-1
Let s(m) = m - 5. Let v be s(4). Let l(g) = -g**2 + g + 1. Calculate l(v).
-1
Let p = -4 + 1. Let c(a) = -2 - a**3 + 2 - 2*a**2. Calculate c(p).
9
Let o be 1/(8/(-12) - (-1)/3). Let m(x) = x**3 + 2*x**2 - 2*x - 2. Give m(o).
-5
Let g = -10 - -13. Let i(l) = -4*l - l**2 + 8 - 6 - g*l. Determine i(-6).
8
Let c(z) = 1 + 2*z**2 - 2 + 5*z**2 - z**3 + 0*z - 4*z. Determine c(6).
11
Let r(x) = -7*x**3 + x**2 - 1 - x + 2*x**3 - 2*x**3. Determine r(-1).
8
Let x(h) = h**3 + h + 1. Let o = 47 - 49. Calculate x(o).
-9
Suppose 0 = 2*a - 4, 0*a + 4 = 2*r - 5*a. Let u(f) = -f**2 + 4*f + 7. Determine u(r).
-14
Let n(b) be the first derivative of -b**3/3 + 3*b**2/2 + 5. Calculate n(4).
-4
Let x(y) be the third derivative of y**4/12 + y**3/6 - y**2. Let v(u) = -2*u + 4. Let f(l) = 3*l - 9. Let h(d) = -3*f(d) - 5*v(d). Let r be h(-6). Give x(r).
3
Let r(j) = -5*j**2 + j**3 + 2 + 3*j**2 + 0*j**2 - j - 3*j**2. What is r(5)?
-3
Let f = 7 - 4. Let z = f + 0. Let a(g) = g**2 - 5*g - 1. Give a(z).
-7
Let z(l) = -1 + 0 + l + 5*l - 3*l. Give z(-4).
-13
Let g(h) = -h**3 - 4*h**2 - 2*h. Let v(w) = -w**2 + 5*w + 2. Let c be v(4). Let o be -2 + c/3 - -1. Let b be (4/(-10))/(o/5). Determine g(b).
-4
Let m(o) = 3*o**2 - 2*o - 1. Suppose 4*a + 6 = -2. Let t be -3 + 12/3 + a. Give m(t).
4
Let i = -4 - -9. Let m(f) be the third derivative of -7*f**2 + 1/8*f**4 + 0*f - 1/120*f**6 + 0 + 1/12*f**5 - 5/6*f**3. Give m(i).
10
Let z(m) be the second derivative of m**4/2 + 25*m. Calculate z(-1).
6
Let g(p) = -3*p - 7. Let q(t) = 7*t + 15. Let l(d) = 5*g(d) + 2*q(d). Let r(v) = -20*v - 128. Let b be r(-6). Calculate l(b).
3
Let v(s) be the first derivative of -s**4/4 + 5*s**3/3 - 4*s + 4. Suppose -f = 3*f - 16. Suppose k + 4*k = 2*m + 33, -2*k + f*m = -26. Determine v(k).
-4
Let t(i) = -i - 2. Let m be t(-5). Let k be 4*(-2 + m)/1. Let f be (k/(-3))/((-3)/(-9)). Let r(l) = -l**2 - 3*l + 1. Give r(f).
-3
Let j(b) be the first derivative of -1 - 1/2*b**2 - 1/3*b**3 + 0*b - 11/4*b**4. Determine j(-1).
11
Let i(m) = -3 - 9*m**2 - 3*m + 22*m**2 - 12*m**2. Let q(d) = -3*d + 5. Let n be q(5). Let w = -5 - n. Give i(w).
7
Let t(u) = 6 + 1 + 9*u - 2*u**2 - 2 + 7*u**2. Let g(m) = -m**2 - 2*m - 1. Let o(z) = -11*g(z) - 2*t(z). Determine o(-3).
-2
Let h be (-2 - -2) + 9/(-3). Let r be (h - -1)*(-21)/(-6). Let n(l) = l + 10. What is n(r